+ (-4)/(-7))?
11, 109
Let l(f) = -f**2 + 14*f - 11. Suppose 0 = 3*j + j - 20. Suppose 9*b = j*b + 32. What are the prime factors of l(b)?
37
Suppose 4*o = -4*b - 240, -b - 4*o = -o + 58. Let g = 89 + b. What are the prime factors of g?
2, 7
Let p be 3/2 - 942*5/(-20). List the prime factors of (p + 0)/(1 - 0).
3, 79
Let l(n) = n**3 + 7*n**2 + 14*n + 8. Let g be l(-8). Let j = 236 + g. List the prime factors of j.
2, 17
Suppose -s + 5*f - 263 = -4*s, s - 77 = f. What are the prime factors of s?
3
List the prime factors of 96/(3 - (-1 - (-138)/36)).
2, 3
Let i be 2*((-145)/10 + 4). Let r be 9/i + 40/28. List the prime factors of 48 - (0/5 + r).
47
Let y(i) = -17*i**3 + 2*i + 5. Let r(h) = h**3 - 6*h**2 - 2. Let n be r(6). List the prime factors of y(n).
137
Let k = -1395 - -2494. What are the prime factors of k?
7, 157
Suppose 3*n - 19 = -1. Suppose 3*w - 9 = -n. Suppose 2*y - 41 = -w. What are the prime factors of y?
2, 5
Let q(l) be the third derivative of l**5/5 + l**4/8 - l**3/3 - 3*l**2. List the prime factors of q(3).
5, 23
Suppose -13*q = -3231 - 15437. What are the prime factors of q?
2, 359
Suppose 3*h = -h - 2*s + 2590, 4*s = 5*h - 3270. List the prime factors of h.
2, 5, 13
Let q(k) = -k**3 - 6*k**2 + 7*k + 12. Let j be q(-7). Suppose -4*o + 3*t + 40 = 0, -5*o + j = 5*t - 73. List the prime factors of 14/(-91) - (-405)/o.
31
Suppose 3*h - 9*h + 54 = 0. Suppose 21 = l - h. List the prime factors of l.
2, 3, 5
Let u = 2 + 1. Suppose -u*v - 22 = -61. List the prime factors of v.
13
Suppose -c + 3 = -3*y, 4*c - 4*y + 7*y - 12 = 0. Suppose -c*d + 5 = -1. What are the prime factors of 27 - (d - (5 - 3))?
3
Let w(s) = -205*s - 45. What are the prime factors of w(-3)?
2, 3, 5, 19
Let h(b) = -3*b**2 + 2*b - 4. Let a be h(9). What are the prime factors of (-7)/(-35) + a/(-5)?
2, 23
Suppose 0*u = -2*u - 10. Let j(d) = d**2 + 4*d - 1. Let z be j(u). Let l = z + -1. List the prime factors of l.
3
Suppose 0*q + 80 = 5*q + 2*k, -5*q + 75 = k. Let d be 2/(6/(-3)) + q. Suppose -2*w = 5*h + 1 - 48, 3*h - d = -5*w. List the prime factors of h.
11
Suppose 32 = -2*t + 92. Let m be 3*8*t/9. Let q = m + -55. List the prime factors of q.
5
Let c = -1726 - -2336. What are the prime factors of c?
2, 5, 61
Let k(z) = z**3 + 8*z**2 + 7*z + 17. Let a be k(-7). Let b = a + 19. List the prime factors of b.
2, 3
Let v = -78 - -19. Let a = -23 - v. What are the prime factors of a?
2, 3
Let f = 956 + -132. List the prime factors of f.
2, 103
Suppose 4 + 1 = g. Suppose g*w + 0 = 10. Suppose -w*q + 86 = 4*z, -2 = -2*z + 6. What are the prime factors of q?
5, 7
Let u(o) = -7*o - 10. Suppose 4 + 37 = 2*q + c, 5*q - c = 120. Suppose -q - 12 = 5*b. What are the prime factors of u(b)?
3, 13
Let i(g) = -1. Let j(s) = -s**2 + s + 1. Let p = 16 - 18. Let v(d) = p*j(d) - 3*i(d). What are the prime factors of v(3)?
13
Suppose 769*n - 2528 = 761*n. What are the prime factors of n?
2, 79
Suppose d - f - 3756 = 0, 5*d - 2*d = 4*f + 11266. List the prime factors of d.
2, 1879
Suppose 0 = 9*z - 79 - 20. Let l = 8 + -16. Let f = z + l. What are the prime factors of f?
3
Suppose -3*l = -14*l - 50710. What are the prime factors of 4/(-10) - (5 - l/(-25))?
179
Let t(i) = -i**3 - 5*i**2 + 6*i + 7. Let j(h) = -h**2 + 3. Let f be j(0). Suppose -5*o = f*l + 21, -12 = 4*o - o + 2*l. List the prime factors of t(o).
7
Suppose 0 = 3*n + 2*l - 1344 - 1892, 0 = -n - 2*l + 1084. What are the prime factors of n?
2, 269
Let x be 2/(8/(-199))*(2 + -6). Suppose x = m + 21. List the prime factors of m.
2, 89
Suppose 0 = 5*o - 4*g + 15, -o - 2*g = -g + 3. List the prime factors of (-4)/((-3)/(-18)*o).
2
Let q(p) = p**2 + 4*p - 8. Let g be q(-6). Let n = 14 + g. Let c = n + -8. What are the prime factors of c?
2, 5
Suppose 7*p - 6*p = 5. Suppose -70 - 187 = -3*s + 4*z, 0 = s + p*z - 73. What are the prime factors of s?
83
Suppose 5*h - 5*i - 6340 = 0, -i + 171 - 5231 = -4*h. List the prime factors of h.
2, 79
Suppose 0 = 2*p + 58 - 8. Let q = 180 + p. What are the prime factors of q?
5, 31
Let w(f) = -5*f**3 - f**2 - 3*f - 2. Let t be w(-1). Let y be 2*((-27)/(-6) - 3). Suppose -t*p = -y*p - 94. List the prime factors of p.
47
Suppose 4*h = 7*h - 15. What are the prime factors of (-15)/(-6)*116/h?
2, 29
Let b = -2591 + 4223. List the prime factors of b.
2, 3, 17
Let o = -9 + 12. Suppose o*c = -v - 35, 57 = -2*v - 3*c - 1. Let u = -20 - v. List the prime factors of u.
3
Let l(c) = 2*c**3 - 7*c**2 - 5*c - 10. Let r be l(7). Let h = r + -155. What are the prime factors of h?
11, 13
Let t(v) = v - 14. Let u be t(12). Let c be u/6 - (-219)/9. Suppose -m - 6*a + a + c = 0, -3*a = m - 28. What are the prime factors of m?
2, 17
Suppose 0*q + 4*q - 12 = 0. Suppose q*a = a. Suppose a = -u - 6 + 31. What are the prime factors of u?
5
Let m(k) = 4223*k**3 - 3*k**2 + k + 2. List the prime factors of m(1).
41, 103
Let d be 4/(-6)*(-18)/4. Suppose -4*s - 4*s = -112. Suppose 0 = 5*t - 4*t - r - s, 0 = -3*r - d. What are the prime factors of t?
13
What are the prime factors of -11 - (-5)/(15/11163)?
2, 5, 7, 53
Let u(x) = -x**2 + 18*x - 7. Let r be (-2)/(-13) + 1080/78. What are the prime factors of u(r)?
7
Let l(v) = -54*v + 8. Suppose 28*q - 15 = 33*q. What are the prime factors of l(q)?
2, 5, 17
Let o be ((-30)/5)/3 + 266. Suppose 6*p - o - 18 = 0. What are the prime factors of p?
47
Let m = 25 + -34. Let x(d) = -7*d - 10. List the prime factors of x(m).
53
Suppose 5 = 2*v - 7. Let r(q) = 18*q + 2. Let l be r(v). Suppose -3*n + 91 = -5*j, n + 3*n - j = l. List the prime factors of n.
3
Let p(u) = -2*u**2 + 17*u - 1. Let z be ((-35)/15)/((-1)/3). List the prime factors of p(z).
2, 5
Suppose -y - 21 = j, y = 4*j - 3*y + 52. Let d = j + 55. What are the prime factors of d?
2, 19
Let i(y) = -17*y**3 - 2*y**2 - 2*y - 1. Let a be i(-1). Suppose -3*t + 7*t = a. Suppose t*w - 8 = 80. What are the prime factors of w?
2, 11
Suppose -10 = -5*t, 0 = -0*n - 3*n - t + 8. Let h = n - 8. What are the prime factors of 2/((-9)/h + -1)?
2
Let q be (5 - (2 + -2))*(-12)/(-30). Suppose 134 + 18 = q*z. What are the prime factors of z?
2, 19
Let z(g) = 4*g**2 + 52*g - 32. What are the prime factors of z(-24)?
2
Let l(a) = a**3 + 7*a**2 + 5*a + 4. Let p be l(-6). Suppose 0*i - 5*i + 4*w = 79, i + 5*w + p = 0. List the prime factors of ((-12)/i)/((-1)/(-5)).
2
Let j(d) = d**3 + 20*d**2 + 60*d - 1. What are the prime factors of j(-12)?
431
Let k(v) = v**2 + 12*v + 3. Let z be k(-9). Let r be (-5)/2*z/60. Let d(y) = 49*y - 2. What are the prime factors of d(r)?
47
Suppose 4*d - 500 = -3*y, 2*y - 5*y = -5*d + 625. Let i = d - 53. What are the prime factors of i?
2, 3
Let l be (-2)/8 + 74/8. Suppose -4*z = 3*s - 16, -5*s = -10*s + 5*z + 50. Let a = s + l. What are the prime factors of a?
17
Suppose 5*h = 6*h - 177. What are the prime factors of h?
3, 59
Let v = 13 + -9. Suppose -v*l = -5*s + 5, 0*s - 2 = 5*l - 2*s. Suppose -2*i - 3*i + 65 = l. List the prime factors of i.
13
Suppose 629 = -3*r - 2*a + 7559, -2*a - 11534 = -5*r. What are the prime factors of r?
2, 577
Let j = -507 - -864. List the prime factors of j.
3, 7, 17
Let m = 135 + -122. What are the prime factors of m?
13
What are the prime factors of 1030/7*(-357)/(-51)?
2, 5, 103
Suppose -3*q = -4*b + 2*b - 60, 0 = q - 5*b - 33. Let r = q - 14. Suppose 3*p - 5*c = 26, 0*p + 4*p - r*c = 40. List the prime factors of p.
2, 3
List the prime factors of (1644/(-18))/((-2)/3).
137
Let d = 81 + -81. Suppose -9*p + 2*p + 1085 = d. What are the prime factors of p?
5, 31
Let d = -49 - -91. Let q = 9 + d. What are the prime factors of q?
3, 17
Suppose -7004 = -15*o - 764. What are the prime factors of o?
2, 13
Let p(l) = 13*l - 17. Let d be p(4). List the prime factors of 3/(-7) + 2395/d.
2, 17
Let m = -34 + 50. Suppose m*d = 20*d - 396. What are the prime factors of d?
3, 11
Let y(o) = o + 12. Let z be (-8)/5*45/9. Let u be y(z). Suppose u*j - 104 = 172. What are the prime factors of j?
3, 23
Suppose 0 = t + 5 - 7. Suppose 2*r - 3*l = 55, -t*l - 25 = -r - 0*l. List the prime factors of r.
5, 7
Let q(h) = 14*h + 6*h**3 - 3*h**3 + 14 - 4*h**3 + 16*h**2 - 4*h**2. Let t be q(12). Suppose -f = -3*s + 124, -3*f = 4*s - f - t. List the prime factors of s.
43
Let g(r) = 2594*r**3 + r - 2. What are the 